{"version":"1.0","provider_name":"Hanz Sedl\u00e1\u0159","provider_url":"https:\/\/hanzsedlar.cz\/en","author_name":"jg-media.eu","author_url":"https:\/\/hanzsedlar.cz\/en\/author\/jg-media-eu\/","title":"Prvn\u00ed videoklip projektu ,,Piano &amp; Cello'' je na sv\u011bt\u011b | Hanz Sedl\u00e1\u0159","type":"rich","width":600,"height":338,"html":"<blockquote class=\"wp-embedded-content\" data-secret=\"BCoTrzrtFs\"><a href=\"https:\/\/hanzsedlar.cz\/en\/prvni-videoklip-projektu-piano-cello-je-na-svete\/\">Prvn\u00ed videoklip projektu ,,Piano &amp; Cello&#8221; je na sv\u011bt\u011b<\/a><\/blockquote><iframe sandbox=\"allow-scripts\" security=\"restricted\" src=\"https:\/\/hanzsedlar.cz\/en\/prvni-videoklip-projektu-piano-cello-je-na-svete\/embed\/#?secret=BCoTrzrtFs\" width=\"600\" height=\"338\" title=\"&#8220;Prvn\u00ed videoklip projektu ,,Piano &amp; Cello&#8221; je na sv\u011bt\u011b&#8221; &#8212; Hanz Sedl\u00e1\u0159\" data-secret=\"BCoTrzrtFs\" frameborder=\"0\" marginwidth=\"0\" marginheight=\"0\" scrolling=\"no\" class=\"wp-embedded-content\"><\/iframe><script>\n\/*! This file is auto-generated *\/\n!function(d,l){\"use strict\";l.querySelector&&d.addEventListener&&\"undefined\"!=typeof URL&&(d.wp=d.wp||{},d.wp.receiveEmbedMessage||(d.wp.receiveEmbedMessage=function(e){var t=e.data;if((t||t.secret||t.message||t.value)&&!\/[^a-zA-Z0-9]\/.test(t.secret)){for(var s,r,n,a=l.querySelectorAll('iframe[data-secret=\"'+t.secret+'\"]'),o=l.querySelectorAll('blockquote[data-secret=\"'+t.secret+'\"]'),c=new RegExp(\"^https?:$\",\"i\"),i=0;i<o.length;i++)o[i].style.display=\"none\";for(i=0;i<a.length;i++)s=a[i],e.source===s.contentWindow&&(s.removeAttribute(\"style\"),\"height\"===t.message?(1e3<(r=parseInt(t.value,10))?r=1e3:~~r<200&&(r=200),s.height=r):\"link\"===t.message&&(r=new URL(s.getAttribute(\"src\")),n=new URL(t.value),c.test(n.protocol))&&n.host===r.host&&l.activeElement===s&&(d.top.location.href=t.value))}},d.addEventListener(\"message\",d.wp.receiveEmbedMessage,!1),l.addEventListener(\"DOMContentLoaded\",function(){for(var e,t,s=l.querySelectorAll(\"iframe.wp-embedded-content\"),r=0;r<s.length;r++)(t=(e=s[r]).getAttribute(\"data-secret\"))||(t=Math.random().toString(36).substring(2,12),e.src+=\"#?secret=\"+t,e.setAttribute(\"data-secret\",t)),e.contentWindow.postMessage({message:\"ready\",secret:t},\"*\")},!1)))}(window,document);\n\/\/# sourceURL=https:\/\/hanzsedlar.cz\/wp-includes\/js\/wp-embed.min.js\n<\/script>\n","thumbnail_url":"https:\/\/hanzsedlar.cz\/wp-content\/uploads\/2025\/05\/HS-2024-multi-1-scaled.jpg","thumbnail_width":2560,"thumbnail_height":1440,"description":"Sta\u010d\u00ed m\u00edt kolem sebe skv\u011bl\u00e9 lidi a va\u0161e vize se za p\u00e1r dn\u00ed stanou skute\u010dnost\u00ed! Proto od srdce d\u011bkuji v\u0161em, kte\u0159\u00ed se pod\u00edleli na v\u00fdrob\u011b tohoto klipu: Hlavn\u00ed kamera, barevn\u00e9 korekce: Vladislav Franti\u0161Kamery: Petr \u0160i\u0161ka, Vladim\u00edr \u0160i\u0161kaFotografov\u00e1n\u00ed: Ji\u0159\u00ed Soporsk\u00fdAsistent zvuku: Jakub ZapletalSt\u011bhov\u00e1n\u00ed klav\u00edru: Ji\u0159\u00ed Bor\u010d, Robert Bakala, Petr Dudek, Martin Bakala, Ji\u0159\u00ed Sedl\u00e1\u0159, Zden\u011bk &#8216;ceca&#8217; [&hellip;]"}

Hanz Sedlář

První videoklip projektu ,,Piano &amp; Cello'' je na světě | Hanz Sedlář

<blockquote class="wp-embedded-content" data-secret="BCoTrzrtFs"><a href="https://hanzsedlar.cz/en/prvni-videoklip-projektu-piano-cello-je-na-svete/">První videoklip projektu ,,Piano &amp; Cello&#8221; je na světě</a></blockquote><iframe sandbox="allow-scripts" security="restricted" src="https://hanzsedlar.cz/en/prvni-videoklip-projektu-piano-cello-je-na-svete/embed/#?secret=BCoTrzrtFs" width="600" height="338" title="&#8220;První videoklip projektu ,,Piano &amp; Cello&#8221; je na světě&#8221; &#8212; Hanz Sedlář" data-secret="BCoTrzrtFs" frameborder="0" marginwidth="0" marginheight="0" scrolling="no" class="wp-embedded-content"></iframe><script>
/*! This file is auto-generated */
!function(d,l){"use strict";l.querySelector&&d.addEventListener&&"undefined"!=typeof URL&&(d.wp=d.wp||{},d.wp.receiveEmbedMessage||(d.wp.receiveEmbedMessage=function(e){var t=e.data;if((t||t.secret||t.message||t.value)&&!/[^a-zA-Z0-9]/.test(t.secret)){for(var s,r,n,a=l.querySelectorAll('iframe[data-secret="'+t.secret+'"]'),o=l.querySelectorAll('blockquote[data-secret="'+t.secret+'"]'),c=new RegExp("^https?:$","i"),i=0;i<o.length;i++)o[i].style.display="none";for(i=0;i<a.length;i++)s=a[i],e.source===s.contentWindow&&(s.removeAttribute("style"),"height"===t.message?(1e3<(r=parseInt(t.value,10))?r=1e3:~~r<200&&(r=200),s.height=r):"link"===t.message&&(r=new URL(s.getAttribute("src")),n=new URL(t.value),c.test(n.protocol))&&n.host===r.host&&l.activeElement===s&&(d.top.location.href=t.value))}},d.addEventListener("message",d.wp.receiveEmbedMessage,!1),l.addEventListener("DOMContentLoaded",function(){for(var e,t,s=l.querySelectorAll("iframe.wp-embedded-content"),r=0;r<s.length;r++)(t=(e=s[r]).getAttribute("data-secret"))||(t=Math.random().toString(36).substring(2,12),e.src+="#?secret="+t,e.setAttribute("data-secret",t)),e.contentWindow.postMessage({message:"ready",secret:t},"*")},!1)))}(window,document);
//# sourceURL=https://hanzsedlar.cz/wp-includes/js/wp-embed.min.js
</script>

Stačí mít kolem sebe skvělé lidi a vaše vize se za pár dní stanou skutečností! Proto od srdce děkuji všem, kteří se podíleli na výrobě tohoto klipu: Hlavní kamera, barevné korekce: Vladislav FrantišKamery: Petr Šiška, Vladimír ŠiškaFotografování: Jiří SoporskýAsistent zvuku: Jakub ZapletalStěhování klavíru: Jiří Borč, Robert Bakala, Petr Dudek, Martin Bakala, Jiří Sedlář, Zdeněk &#8216;ceca&#8217; [&hellip;]
